x be (-2)/17 - y/136. Suppose -4*u + 99 = -u. What is the highest common factor of x and u?
3
Let w(v) = 11*v**2 + 18*v - 3. Let l(g) = -17*g**2 - 27*g + 5. Let j(y) = 5*l(y) + 8*w(y). Let b be j(-4). Calculate the highest common factor of b and 91.
13
Suppose -3*m - 82 = 11. Let y(v) = -v - 12. Let o be y(11). Let x = o - m. Calculate the greatest common divisor of x and 40.
8
Suppose -10*d - 120 = -18*d. Suppose 4*x - 2*x - 178 = 0. Suppose 3*m = a + x, -5*m + 4*a + 9 + 137 = 0. What is the highest common factor of m and d?
15
Let d be (-4 - -5)/(5/15). Suppose 3*x = 3 + d. Suppose -2*g + 6 = -w - 18, 2*w - 42 = -5*g. Calculate the highest common factor of g and x.
2
Let h = 2615 - 2480. Suppose -4*t - 35 = -251. What is the greatest common divisor of t and h?
27
Let c = 3129 - 1816. Let b = -2072 + c. Let s be b/(-15) - (-6)/(-10). Calculate the highest common divisor of s and 10.
10
Let g(a) = 39*a - 4. Let o be g(3). Let z(q) = q + 12. Let l be z(-8). Suppose l*j + 41 = o. What is the highest common divisor of j and 18?
18
Let l = -8 - -17. Suppose -2*y + 72 + 260 = 0. Let f = y + l. Calculate the greatest common factor of f and 25.
25
Let y(b) = 2*b**2 + 11*b - 14. Let k be y(-7). Calculate the greatest common factor of 7 and k.
7
Let v = 212 - 127. Let f = v - 51. Suppose 0 = -2*p + 4*p + j - 32, -2*j - 89 = -5*p. Calculate the greatest common divisor of p and f.
17
Suppose -5*k + 3*g + 11 = 0, k + 5*g = -0*k + 19. Calculate the greatest common factor of 134 and k.
2
Let p = 131 + -32. Suppose 26 = -3*k + 110. Let f = k - 17. What is the greatest common divisor of p and f?
11
Suppose 0 = -3*c - 2*c. Let f(p) = -p**3 + p + 28. Let z be f(c). Let u be ((-189)/(-36))/((-3)/(-4)). Calculate the highest common factor of z and u.
7
Let z(x) = 4*x**2 - 2*x - 17. Let y be z(7). Suppose 0 = -5*f + y + 25. Suppose -3*n = -n - 114. Calculate the highest common divisor of f and n.
19
Suppose -5*l - f + 64 = 0, -9*l + 5*l = -f - 53. Calculate the highest common divisor of 299 and l.
13
Suppose 5*y = -3*c + 714, -2*y + 571 = -3*c + 277. Calculate the greatest common factor of 64 and y.
16
Let r be (8/(-6))/(14/(-21)). Suppose 0 = -i + r*i - 28. What is the greatest common factor of i and 224?
28
Let d = -268 - -511. Calculate the highest common divisor of 648 and d.
81
Suppose 150*t - 10678 + 1516 = 11088. Let v(y) = 2*y**2 - 5*y + 3. Let j be v(4). What is the highest common factor of j and t?
15
Suppose -4 = 2*g - 2*b, -b - 22 = -5*g - 4*b. Let o = -319 - -321. Calculate the highest common divisor of o and g.
2
Suppose -4*f + y = -31, -2*f - 10*y + 12*y + 14 = 0. What is the greatest common factor of f and 20?
4
Suppose -5*n = -k + 172, -2*k - 29*n + 27*n + 284 = 0. What is the greatest common factor of 4557 and k?
147
Suppose 0 = -2*s - 8 + 148. Let l(t) = 27*t + 298. Let v be l(-10). Calculate the highest common divisor of v and s.
14
Let x(d) = 2*d**2 - 13*d - 3. Let y(s) = s**2 - 6*s - 2. Let t(j) = -2*x(j) + 5*y(j). Let q be t(8). Calculate the highest common divisor of q and 252.
28
Let u = 2463 - 1275. What is the highest common factor of u and 27?
27
Let x = 20 + -33. Let f = x + 24. Suppose -3 - f = -p. What is the greatest common divisor of 98 and p?
14
Let n = -13 + 19. Let s = 122 + 2. Let b = s + -64. What is the greatest common factor of b and n?
6
Let y = -7 - -12. Suppose 1 + 1 = -r. Let s = y - r. What is the highest common factor of 7 and s?
7
Let b be 1 + 1/(4/64). Suppose -241 = -5*t + 14. Calculate the highest common factor of t and b.
17
Let m(n) = 3*n - 26. Let x be m(14). Let k = x + -3. Calculate the highest common divisor of k and 13.
13
Let w be 0 + (5 + -2 - 7). Let u = w - -6. Suppose 0 = 3*m - d - 27, -m + u*m - 9 = 4*d. Calculate the highest common factor of 36 and m.
9
Suppose -4*h + 670 = -2*h. What is the greatest common factor of 67 and h?
67
Let f(j) = -j + 6. Let h be f(-3). Suppose 4*z + 200 = h*z. What is the greatest common factor of z and 16?
8
Suppose -189 = -2*j - 7*j. What is the greatest common factor of j and 9?
3
Let v be (-27)/(-15) + 1/5. Let n be (v - 3)/((-2)/46). What is the highest common factor of n and 115?
23
Let d = -343 - -496. Let x = d + -147. What is the highest common factor of x and 186?
6
Let c = -73 + 106. Let j(f) = -f + 6. Suppose 4*t + 10 = 2*t. Let h be j(t). Calculate the greatest common factor of c and h.
11
Suppose 0 = -4*q - 66*q + 5600. What is the highest common divisor of q and 280?
40
Suppose 5*n = -7*q + 3*q - 25, 0 = -3*q + 4*n + 20. Suppose q*m + 22 = m. Let l be 44/(-5)*80/(-32). What is the greatest common divisor of m and l?
22
Let n(j) = 3*j - 49. Let c be n(18). Suppose 0 = f + c*r - 32, 0*r + 8 = f - r. Calculate the highest common factor of f and 3.
3
Let q be (-130)/39*6/(-5). Suppose 14 = 5*o + q. Let i be (-1)/(-3)*(2 - -4). What is the highest common factor of o and i?
2
Let b = 16 - -17. Calculate the highest common factor of b and 594.
33
Let d be (-8)/(32/(-60)) - -1. Let z = -4 + 6. Suppose 12 = 3*b - z*j, -b - 4*j - j + 4 = 0. Calculate the greatest common factor of b and d.
4
Let g(p) = 2*p**2 + 7*p - 64. Let t be g(-8). Calculate the highest common factor of t and 88.
8
Let g be (-3156)/8*(-10)/15. Let b = -143 + g. What is the greatest common factor of 48 and b?
24
Let h(n) = 4*n**2 + 38*n - 21. Let u be h(-11). What is the highest common divisor of u and 855?
45
Suppose -10*y + 14*y = 48. Let d(j) = 33*j - 3. Let o be d(3). What is the greatest common factor of o and y?
12
Let l = -83719 + 83731. Let t be (-2)/8 - 21/(-4). Suppose -2*z - 3*i + 192 = 0, -t*z + 3*i + 293 + 187 = 0. Calculate the highest common factor of l and z.
12
Let j be (-327)/4 + (-13)/52. Let d = j - -206. What is the greatest common divisor of d and 31?
31
Let w = -9 - -16. Let v be 0 - (3 + w - 2). Let j(g) = g**3 + 7*g**2 - 8*g + 9. Let o be j(v). Calculate the highest common divisor of o and 1.
1
Let a = -62 - -114. Let n = -468 + 884. What is the greatest common divisor of n and a?
52
Suppose v - 59 = -1. Suppose 3*q + q - 55 = 3*k, 4*q - v = 2*k. Let z = q - 5. What is the highest common divisor of z and 55?
11
Let n = -1 - -3. Let r = 2 + n. Suppose -3*s = -c + r - 21, s = -c + 7. What is the greatest common factor of 6 and s?
6
Let s = -13 - -43. Let p = s - -13. What is the highest common factor of 258 and p?
43
Let l be -11*2*220/(-20). Let t = -116 + l. Calculate the highest common divisor of 18 and t.
18
Let y be 38/(((-10)/(-30))/(2/12)). Suppose -12 = y*o - 22*o. Calculate the greatest common divisor of o and 28.
4
Suppose 40 = 2*w + 3*w. Suppose y + 0*b + 7 = -2*b, -5*y + b = 35. Let f be (y/(-35))/((-1)/(-10)). Calculate the greatest common factor of f and w.
2
Suppose 44 = -2*b + 3*g, b + 0*b + 5*g - 4 = 0. Let x be 2/((-2)/b + 0). Let y be (54/8)/(6/x). What is the highest common factor of 36 and y?
18
Let x(k) = k**3 + 8*k**2 + 17*k + 12. Let u be x(-5). Let c be (2/3)/((-2)/(-6)). What is the greatest common divisor of c and u?
2
Suppose 10*s = 564 - 84. Let q = -15 - -27. What is the greatest common factor of s and q?
12
Suppose -4*d = 2*j - 6270, -35*d + 3*j = -30*d - 7843. Calculate the highest common divisor of 49 and d.
49
Suppose 167*o - 163*o = 24. Let p be (3*4*-2)/(-1). Calculate the greatest common divisor of p and o.
6
Suppose 4*t + 3*t - 42 = 0. Suppose -3*n = -9 - t. Suppose -y = -n*y + 68. Calculate the highest common factor of 119 and y.
17
Suppose -16*i + 76 = 12. Suppose -27 = -x - 2*k, -k + 162 = i*x + x. What is the highest common divisor of x and 22?
11
Let w be -1 + 2 + 0 + (-6 - -3). Let v be 145 - (-1)/(-1) - 0/w. Calculate the highest common factor of 16 and v.
16
Let f(i) = i**2 + 4*i - 80. Let h be f(-12). What is the highest common factor of 1744 and h?
16
Let s be -9*(3 + (-5)/3). Let a be -3*436/s - 0. Suppose 2*p - 157 = a. Calculate the highest common factor of 19 and p.
19
Suppose 31*t = -3*r + 36*t + 737, 4*r = 3*t + 990. What is the greatest common factor of r and 664?
83
Let k(t) = -t + 11. Let i be k(11). Suppose i = 5*g - 0*g - 5. Let l = 4 + g. What is the greatest common divisor of l and 15?
5
Let l = 214 + -209. Calculate the highest common factor of l and 115.
5
Suppose 9*x + 4447 - 4627 = 0. Let g = 72 - 22. Calcu